 when 76 is divided by (-7)/(35/(-200))*(-2)/(-2).
36
Let v = -301 - -439. Suppose -4*f = 2*f - v. Calculate the remainder when 112 is divided by f.
20
Suppose 2*u + 130 = 5*t - 0*t, 2*u = 0. Suppose -2*h - 4*s = -78 - 20, -s - 49 = -h. What is the remainder when h is divided by t?
23
Suppose 6 - 1 = x. Suppose -3*v + 5*r = r + 430, -r = 5*v + 755. Let f = v - -153. Calculate the remainder when x is divided by f.
2
What is the remainder when 166 is divided by 69 - (-3)/((-6)/8)?
36
Let a be (-3 - -9)/((-3)/(-20)). Calculate the remainder when ((-5)/(-10))/(730/(-244) + 3) is divided by (12/(-5))/((-6)/a).
13
Let h = 116 - 70. Suppose 4*r - 23 = 5*t, 0 = -4*r + 4*t + 20 + 8. What is the remainder when h is divided by r?
10
Let h = 198 - 158. Calculate the remainder when 277 is divided by h.
37
Let w(i) = -2*i**2 - 7*i + 3. Let t(c) = c**2 + c - 1. Let k(z) = t(z) - w(z). Suppose -275 = a - 290. What is the remainder when k(-6) is divided by a?
11
Let f = 2554 - 2552. Calculate the remainder when 46 is divided by f.
0
Let m be 1*5/(5/2). Suppose -4*r + 24 = -0*r - 4*t, -m*t - 4 = 2*r. Calculate the remainder when -29*(-1)/(2/r) is divided by 8.
5
Let p be 2/(-6)*3*(-130 + 3). Let m = p + -97. Calculate the remainder when m is divided by 11.
8
Suppose -4*n + 2*n = -130. Let m be (n/(-10))/((-1)/22). Let p = -61 + m. Calculate the remainder when p is divided by 21.
19
Suppose 41 = 4*a + 5*j, -3*a - 6*j = -3*j - 27. Calculate the remainder when 6 is divided by 2 - ((-4)/a - 2).
1
Let s be (-4 - -93) + (-8)/4. Suppose 13 = 5*l - s. What is the remainder when 99 is divided by l?
19
Let o = 70 + -36. Let d(x) = 3*x + 3. Suppose -3*z + 29 = -0*z - 5*j, 2*j + 17 = 3*z. Calculate the remainder when o is divided by d(z).
10
Let j = 239 - 224. What is the remainder when 49 is divided by j?
4
Suppose 15 = -6*i + 3. What is the remainder when 8 is divided by (i/(-3))/(-3 + (-20)/(-6))?
0
Let d = -22 + 23. Let v be (-200)/(-24) + d/(-3). Suppose -118 = 3*r - v*r - 3*s, 5*r + s = 116. Calculate the remainder when 91 is divided by r.
22
Suppose -78 - 201 = -9*y. Calculate the remainder when 46 is divided by y.
15
Calculate the remainder when (-2 - 3145/51)*(-2 - 1) is divided by 96.
95
Let p(r) = -8*r - 22. Let j(q) = 7*q + 21. Suppose -6 = -k - 0*k. Let h(g) = k*p(g) + 7*j(g). Calculate the remainder when h(-8) is divided by 4.
3
Let y = 914 - 907. Calculate the remainder when 228 is divided by y.
4
Let a = -77 - -36. Let i = a + 56. Calculate the remainder when i is divided by 6.
3
Suppose -4*n - 4*s = -6*n + 134, 0 = -2*s - 8. What is the remainder when n is divided by 17?
8
Let c(n) = n**3 - 12*n**2 + 36*n + 16. Calculate the remainder when 1354 is divided by c(9).
93
Suppose -2*o + 86 + 704 = 0. Calculate the remainder when o is divided by 18.
17
Suppose -52*x + 69*x - 2346 = 0. Calculate the remainder when 826 is divided by x.
136
Let q = 921 - 816. Calculate the remainder when q is divided by 43.
19
Let h(p) = -2*p. Let w be h(3). Let d be 1 + (2 - w/(-2)). What is the remainder when (-224)/35*(-5 + d) is divided by 17?
15
Let c be ((-1)/2)/(1/(-8)). Suppose q = 2 + 6. Let r = c + q. Calculate the remainder when r is divided by 8.
4
Let t(h) = -h**2 - 10*h + 5. Suppose 5*g - f - 23 = 0, -4*g = -3*g - 5*f - 19. Suppose g*x = 3*x - 10. What is the remainder when 19 is divided by t(x)?
4
Let s be 216*(10/12 - 5/15). Suppose s = 12*b - 6*b. Calculate the remainder when 51 is divided by b.
15
Suppose 0 = -2*z + 208 - 48. Suppose -5*b + 139 = q, 4*b + 2*q = -23 + 139. What is the remainder when z is divided by b?
26
Let m(o) = o**2 + 4*o - 5. Let n be m(-5). Let u = n - -7. Calculate the remainder when u is divided by 4*(-6 - (-27)/4).
1
Let t(f) = f**2 - f - 7. Let q be t(4). Suppose -11*r + q = -39. What is the remainder when 5 is divided by r?
1
Suppose -102*s - 775 = -127*s. Calculate the remainder when 648 is divided by s.
28
Suppose -3*n = 2*n + 3*k - 31, -9 = -3*n + 3*k. Suppose 0 = 3*x - 4*b - 178, 3*b = n*x - 184 - 120. What is the remainder when x is divided by 21?
20
Suppose 5*c - 431 = -2*h, -c - 3*h - 54 + 148 = 0. What is the remainder when 507 is divided by c?
82
Let l = 1247 + -1222. What is the remainder when 98 is divided by l?
23
Let r = 61 - 7. Calculate the remainder when r is divided by 31.
23
Let p = -44 - -86. Suppose -5*o + 2*t + p = 0, -2*t - 22 = -3*o - 0*o. What is the remainder when (-2*2)/(6/(-57)) is divided by o?
8
Let r(p) = p**3 + 6*p**2 + 6*p + 3. Let n be r(-5). Let z be (n - -1)*-1 - -2. Calculate the remainder when 29 is divided by z/((-12)/(-64) - 0).
13
Let u(q) = q**3 - 6*q**2 + 8*q - 10. Let s = -54 - -60. Calculate the remainder when u(s) is divided by 13.
12
Let u(r) = r + 1. Let b be u(-5). Let c = b + 11. Calculate the remainder when 19*(-3 + c - 0) is divided by 26.
24
Suppose 3*o - r - 59 = 0, -5*o - 3*r + 102 = -15. Calculate the remainder when o is divided by 5.
1
Let p = -203 - -216. What is the remainder when 311 is divided by p?
12
Suppose -16 = 4*a, -10*h + a = -6*h - 200. Let g = -2 - -12. Calculate the remainder when h is divided by g.
9
Suppose -3*j = -3*m - 288, -3*m - 3 = 9. Let o = j - 53. What is the remainder when o is divided by 10?
9
Suppose -5*b + 2*g = -680, 0 = -3*b - 2*b - g + 665. What is the remainder when b is divided by (-11 + 3)*(-34)/8?
32
Suppose 5*x - 2274 = -2*c, -312 + 1695 = 3*x - 5*c. What is the remainder when x is divided by 20?
16
Let l(h) = h**2 - 7*h + 68. What is the remainder when l(5) is divided by 11?
3
Let w(v) = 210*v + 5. Let y be w(-2). Let l = y + 932. Suppose 5*d + 194 = -4*q + l, -3*d + 187 = -q. What is the remainder when d is divided by 16?
15
Suppose -33*o = -4081 - 2750. Calculate the remainder when o is divided by 105.
102
Suppose -3*d + 12 = 0, 172 = 2*g - 0*d + 3*d. What is the remainder when g is divided by 17?
12
Let a(c) = 5*c - c - 3 + c**2 + 7. Let t be a(-8). Let u = -21 + t. What is the remainder when 27 is divided by u?
12
Let f be 154/21 - (-12)/(-9). Let n(g) = 11*g - 31. What is the remainder when n(f) is divided by 23?
12
Suppose 40*b - 207 = 1433. Calculate the remainder when 193 is divided by b.
29
Let c = 100 - 97. Suppose 3*k = c*r + k - 544, -4*r = -5*k - 723. What is the remainder when r is divided by 47?
41
Calculate the remainder when 85 is divided by ((-784)/140)/(4/(-40)).
29
Let o = -881 + 1492. Let x = 71 + -27. What is the remainder when x is divided by (-2)/3 - o/(-39)?
14
Let s(c) = 6*c**2 + 4*c + 3. Let a = -12 + 33. Suppose 5*x = 2*j - a, -x + 3*x + 12 = -j. What is the remainder when s(j) is divided by 10?
9
Let r be 1 - 2 - (93 + -4). Let i = r - -176. What is the remainder when i is divided by 22?
20
Let a(y) = -16*y**2 - y - 4*y + 9*y**2 + 0*y**3 + y**3 - 7. Calculate the remainder when a(8) is divided by 7.
3
Suppose -5*h + 4*h + 143 = 4*c, 4*c + 3*h = 141. Let d(x) = -10*x - 2. Calculate the remainder when d(-7) is divided by c.
32
Suppose -7*c + 219 = -4*c. Suppose 0 = -5*a - 5*y + 95, 5*a = a - 3*y + c. What is the remainder when 2 + (1 + 0)*60 is divided by a?
14
Suppose 0*w = 4*w - 1260. Suppose w = -5*x - 5*f, -19 = -5*f - 4. Let u = 105 + x. What is the remainder when u is divided by 14?
11
Let m(p) = -6*p. Suppose -2*z - 31 = -3*s, -s + 16 = 2*z + 3*z. Calculate the remainder when m(-5) is divided by s.
8
Let a = -64 + 75. Calculate the remainder when 29 is divided by a.
7
Suppose 2*v - 3*k = -0*v + 80, -3*v + 107 = 2*k. Suppose 6*t - 4*t = 16. What is the remainder when v is divided by t?
5
Let f = -17 + 41. Calculate the remainder when f is divided by 235/35 + 2/7.
3
Suppose 245 = -2*m - 13. Let u = 185 + m. Suppose -5*b = -b - u. What is the remainder when 40 is divided by b?
12
Let z(w) = 11*w. Let a = 921 - 904. Calculate the remainder when z(3) is divided by a.
16
Let l = 3210 - 3114. Calculate the remainder when 671 is divided by l.
95
Let k = 19 - -15. Suppose -41 - k = -5*f. Calculate the remainder when (2 + -4 - (-1 - -2)) + 62 is divided by f.
14
Calculate the remainder when 1 - (-30)/(-35) - (-608)/7 is divided by 22.
21
Suppose 0 = 4*n - 5*i - 13 - 86, -5*i = 2*n - 57. Calculate the remainder when n is divided by 9.
8
Suppose 0 = -74*n - 12135 + 36111. Calculate the remainder when n is divided by 67.